{"id":986,"date":"2019-09-17T12:30:49","date_gmt":"2019-09-17T10:30:49","guid":{"rendered":"http:\/\/rjp8.katowice.eu\/?page_id=986"},"modified":"2024-09-20T08:01:38","modified_gmt":"2024-09-20T06:01:38","slug":"dyzury-radnych-rjp8","status":"publish","type":"page","link":"https:\/\/radadzielnicy.witosa.pl\/?page_id=986","title":{"rendered":"Dy\u017cury"},"content":{"rendered":"<div class=\"fcbkbttn_buttons_block\" id=\"fcbkbttn_left\"><div class=\"fcbkbttn_like \"><fb:like href=\"https:\/\/radadzielnicy.witosa.pl\/?page_id=986\" action=\"like\" colorscheme=\"light\" layout=\"standard\"  width=\"225px\" size=\"small\"><\/fb:like><\/div><div class=\"fb-share-button  \" data-href=\"https:\/\/radadzielnicy.witosa.pl\/?page_id=986\" data-type=\"button_count\" data-size=\"small\"><\/div><\/div>\r\n<p>&nbsp;<\/p>\r\n<p style=\"font-weight: inherit; font-style: inherit;\"><span style=\"font-weight: inherit; font-style: inherit;\"><b><strong>DY\u017bURY RADNYCH<\/strong><\/b><\/span><\/p>\r\n<p style=\"font-weight: inherit; font-style: inherit;\"><span style=\"font-weight: inherit; font-style: inherit;\">Dy\u017cury Przewodnicz\u0105cego Zarz\u0105du &#8211; ka\u017cdy roboczy poniedzia\u0142ek w godz. 16:00-17:30<br><\/span><span style=\"font-weight: inherit; font-style: inherit;\">Dy\u017cury Przewodnicz\u0105cego Rady &#8211; w dni posiedze\u0144 Rady w godz. 18:00-19:00<br><\/span><span style=\"font-weight: inherit; font-style: inherit;\">Dy\u017cury Wiceprzewodnicz\u0105cego Zarz\u0105du &#8211; ka\u017cda robocza \u015broda w godz. 17:30-18:30<br><br><\/span><\/p>\r\n<p style=\"font-weight: inherit; font-style: inherit;\"><span style=\"font-weight: inherit; font-style: inherit;\">Istnieje mo\u017cliwo\u015b\u0107 spotkania tak\u017ce w innym, dogodnym terminie \u2013 prosimy o maila lub telefon.<\/span><\/p>\r\n<p style=\"font-weight: 400;\"><span style=\"font-weight: 400;\">&nbsp;<\/span><\/p>\r\n<p style=\"font-weight: inherit; font-style: inherit;\">&nbsp;<\/p>\r\n ","protected":false},"excerpt":{"rendered":"<p>&nbsp; DY\u017bURY RADNYCH Dy\u017cury Przewodnicz\u0105cego Zarz\u0105du &#8211; ka\u017cdy roboczy poniedzia\u0142ek w godz. 16:00-17:30Dy\u017cury Przewodnicz\u0105cego Rady &#8211; w dni posiedze\u0144 Rady w godz. 18:00-19:00Dy\u017cury Wiceprzewodnicz\u0105cego Zarz\u0105du &#8211; ka\u017cda&hellip;<\/p>\n<p> <a class=\"more-link\" href=\"https:\/\/radadzielnicy.witosa.pl\/?page_id=986\">Dowiedz si\u0119 wi\u0119cej<\/a><\/p>\n","protected":false},"author":1,"featured_media":0,"parent":0,"menu_order":0,"comment_status":"closed","ping_status":"closed","template":"","meta":{"ngg_post_thumbnail":0,"footnotes":""},"class_list":["post-986","page","type-page","status-publish"],"_links":{"self":[{"href":"https:\/\/radadzielnicy.witosa.pl\/index.php?rest_route=\/wp\/v2\/pages\/986","targetHints":{"allow":["GET"]}}],"collection":[{"href":"https:\/\/radadzielnicy.witosa.pl\/index.php?rest_route=\/wp\/v2\/pages"}],"about":[{"href":"https:\/\/radadzielnicy.witosa.pl\/index.php?rest_route=\/wp\/v2\/types\/page"}],"author":[{"embeddable":true,"href":"https:\/\/radadzielnicy.witosa.pl\/index.php?rest_route=\/wp\/v2\/users\/1"}],"replies":[{"embeddable":true,"href":"https:\/\/radadzielnicy.witosa.pl\/index.php?rest_route=%2Fwp%2Fv2%2Fcomments&post=986"}],"version-history":[{"count":6,"href":"https:\/\/radadzielnicy.witosa.pl\/index.php?rest_route=\/wp\/v2\/pages\/986\/revisions"}],"predecessor-version":[{"id":3724,"href":"https:\/\/radadzielnicy.witosa.pl\/index.php?rest_route=\/wp\/v2\/pages\/986\/revisions\/3724"}],"wp:attachment":[{"href":"https:\/\/radadzielnicy.witosa.pl\/index.php?rest_route=%2Fwp%2Fv2%2Fmedia&parent=986"}],"curies":[{"name":"wp","href":"https:\/\/api.w.org\/{rel}","templated":true}]}}

Dyżury

<div class="fcbkbttn_buttons_block" id="fcbkbttn_left"><div class="fcbkbttn_like "><fb:like href="https://radadzielnicy.witosa.pl/?page_id=986" action="like" colorscheme="light" layout="standard"  width="225px" size="small"></fb:like></div><div class="fb-share-button  " data-href="https://radadzielnicy.witosa.pl/?page_id=986" data-type="button_count" data-size="small"></div></div>
<p>&nbsp;</p>
<p style="font-weight: inherit; font-style: inherit;"><span style="font-weight: inherit; font-style: inherit;"><b><strong>DYŻURY RADNYCH</strong></b></span></p>
<p style="font-weight: inherit; font-style: inherit;"><span style="font-weight: inherit; font-style: inherit;">Dyżury Przewodniczącego Zarządu &#8211; każdy roboczy poniedziałek w godz. 16:00-17:30<br></span><span style="font-weight: inherit; font-style: inherit;">Dyżury Przewodniczącego Rady &#8211; w dni posiedzeń Rady w godz. 18:00-19:00<br></span><span style="font-weight: inherit; font-style: inherit;">Dyżury Wiceprzewodniczącego Zarządu &#8211; każda robocza środa w godz. 17:30-18:30<br><br></span></p>
<p style="font-weight: inherit; font-style: inherit;"><span style="font-weight: inherit; font-style: inherit;">Istnieje możliwość spotkania także w innym, dogodnym terminie – prosimy o maila lub telefon.</span></p>
<p style="font-weight: 400;"><span style="font-weight: 400;">&nbsp;</span></p>
<p style="font-weight: inherit; font-style: inherit;">&nbsp;</p>

<p>&nbsp; DYŻURY RADNYCH Dyżury Przewodniczącego Zarządu &#8211; każdy roboczy poniedziałek w godz. 16:00-17:30Dyżury Przewodniczącego Rady &#8211; w dni posiedzeń Rady w godz. 18:00-19:00Dyżury Wiceprzewodniczącego Zarządu &#8211; każda&hellip;</p>
<p> <a class="more-link" href="https://radadzielnicy.witosa.pl/?page_id=986">Dowiedz się więcej</a></p>
